66.249.65.100 - - [03/Apr/2025:10:37:59 -0700] "GET /view/0010599704.html HTTP/1.1" 200 137141 "-" "Mozilla/5.0 (Linux; Android 6.0.1; Nexus 5X Build/MMB29P) AppleWebKit/537.36 (KHTML, like Gecko) Chrome/134.0.6998.165 Mobile Safari/537.36 (compatible; Googlebot/2.1; +http://www.google.com/bot.html)"
66.249.65.100 - - [03/Apr/2025:10:38:14 -0700] "GET /view/0011836604.html HTTP/1.1" 200 110953 "-" "Mozilla/5.0 (Linux; Android 6.0.1; Nexus 5X Build/MMB29P) AppleWebKit/537.36 (KHTML, like Gecko) Chrome/134.0.6998.165 Mobile Safari/537.36 (compatible; Googlebot/2.1; +http://www.google.com/bot.html)"
66.249.65.102 - - [03/Apr/2025:10:38:15 -0700] "GET /?shopdetail/8312725 HTTP/1.1" 200 124476 "-" "Mozilla/5.0 (Linux; Android 6.0.1; Nexus 5X Build/MMB29P) AppleWebKit/537.36 (KHTML, like Gecko) Chrome/135.0.7049.52 Mobile Safari/537.36 (compatible; Googlebot/2.1; +http://www.google.com/bot.html)"
66.249.74.162 - - [03/Apr/2025:10:38:15 -0700] "GET /?shopdetail/9254292 HTTP/1.1" 200 113703 "-" "Mozilla/5.0 (Linux; Android 6.0.1; Nexus 5X Build/MMB29P) AppleWebKit/537.36 (KHTML, like Gecko) Chrome/134.0.6998.165 Mobile Safari/537.36 (compatible; Googlebot/2.1; +http://www.google.com/bot.html)"
66.249.65.101 - - [03/Apr/2025:10:38:15 -0700] "GET /view/0010763114.html HTTP/1.1" 200 130295 "-" "Mozilla/5.0 (Linux; Android 6.0.1; Nexus 5X Build/MMB29P) AppleWebKit/537.36 (KHTML, like Gecko) Chrome/134.0.6998.165 Mobile Safari/537.36 (compatible; Googlebot/2.1; +http://www.google.com/bot.html)"
66.249.65.102 - - [03/Apr/2025:10:38:17 -0700] "POST /get-message-notify HTTP/1.1" 200 123184 "https://umuahiadiocese.org/view/0011836604.html" "Mozilla/5.0 (Linux; Android 6.0.1; Nexus 5X Build/MMB29P) AppleWebKit/537.36 (KHTML, like Gecko) Chrome/134.0.6998.165 Mobile Safari/537.36 (compatible; Googlebot/2.1; +http://www.google.com/bot.html)"
66.249.65.101 - - [03/Apr/2025:10:38:18 -0700] "POST /get-message-notify HTTP/1.1" 200 123184 "https://umuahiadiocese.org/view/0010763114.html" "Mozilla/5.0 (Linux; Android 6.0.1; Nexus 5X Build/MMB29P) AppleWebKit/537.36 (KHTML, like Gecko) Chrome/134.0.6998.165 Mobile Safari/537.36 (compatible; Googlebot/2.1; +http://www.google.com/bot.html)"
66.249.65.100 - - [03/Apr/2025:10:38:20 -0700] "GET /view/0010343047.html HTTP/1.1" 200 136579 "-" "Mozilla/5.0 (Linux; Android 6.0.1; Nexus 5X Build/MMB29P) AppleWebKit/537.36 (KHTML, like Gecko) Chrome/134.0.6998.165 Mobile Safari/537.36 (compatible; Googlebot/2.1; +http://www.google.com/bot.html)"
66.249.65.101 - - [03/Apr/2025:10:38:22 -0700] "GET /view/0010555883.html HTTP/1.1" 200 125065 "-" "Mozilla/5.0 (Linux; Android 6.0.1; Nexus 5X Build/MMB29P) AppleWebKit/537.36 (KHTML, like Gecko) Chrome/134.0.6998.165 Mobile Safari/537.36 (compatible; Googlebot/2.1; +http://www.google.com/bot.html)"
17.241.75.83 - - [03/Apr/2025:10:38:48 -0700] "GET /view/repo/seminarians HTTP/1.1" 200 65884 "-" "Mozilla/5.0 (Macintosh; Intel Mac OS X 10_15_7) AppleWebKit/605.1.15 (KHTML, like Gecko) Version/17.4 Safari/605.1.15 (Applebot/0.1; +http://www.apple.com/go/applebot)"
66.249.65.102 - - [03/Apr/2025:10:39:03 -0700] "GET /chromidrosis4d-0vsiuck4s.html HTTP/1.1" 200 143462 "-" "Mozilla/5.0 (Linux; Android 6.0.1; Nexus 5X Build/MMB29P) AppleWebKit/537.36 (KHTML, like Gecko) Chrome/134.0.6998.165 Mobile Safari/537.36 (compatible; Googlebot/2.1; +http://www.google.com/bot.html)"
66.249.65.101 - - [03/Apr/2025:10:39:13 -0700] "GET /interrelation5j-f0rman1sp.html HTTP/1.1" 200 117757 "-" "Mozilla/5.0 (Linux; Android 6.0.1; Nexus 5X Build/MMB29P) AppleWebKit/537.36 (KHTML, like Gecko) Chrome/134.0.6998.165 Mobile Safari/537.36 (compatible; Googlebot/2.1; +http://www.google.com/bot.html)"
66.249.65.100 - - [03/Apr/2025:10:39:18 -0700] "POST /get-message-notify HTTP/1.1" 200 123184 "https://umuahiadiocese.org/interrelation5j-f0rman1sp.html" "Mozilla/5.0 (Linux; Android 6.0.1; Nexus 5X Build/MMB29P) AppleWebKit/537.36 (KHTML, like Gecko) Chrome/134.0.6998.165 Mobile Safari/537.36 (compatible; Googlebot/2.1; +http://www.google.com/bot.html)"
173.252.69.115 - - [03/Apr/2025:10:39:55 -0700] "GET /index.php?shopdetail/23812470 HTTP/2.0" 200 65884 "-" "meta-externalagent/1.1 (+https://developers.facebook.com/docs/sharing/webmasters/crawler)"
66.249.65.100 - - [03/Apr/2025:10:39:56 -0700] "GET /obduction569-761275wtr.html HTTP/1.1" 200 165151 "-" "Mozilla/5.0 (Linux; Android 6.0.1; Nexus 5X Build/MMB29P) AppleWebKit/537.36 (KHTML, like Gecko) Chrome/134.0.6998.165 Mobile Safari/537.36 (compatible; Googlebot/2.1; +http://www.google.com/bot.html)"
66.249.65.100 - - [03/Apr/2025:10:40:00 -0700] "GET /scrimping5ob-7itod71gs.html HTTP/1.1" 200 127662 "-" "Mozilla/5.0 (Linux; Android 6.0.1; Nexus 5X Build/MMB29P) AppleWebKit/537.36 (KHTML, like Gecko) Chrome/134.0.6998.165 Mobile Safari/537.36 (compatible; Googlebot/2.1; +http://www.google.com/bot.html)"
66.249.74.164 - - [03/Apr/2025:10:40:00 -0700] "GET /?shopdetail/5808792 HTTP/1.1" 200 121093 "-" "Mozilla/5.0 (Linux; Android 6.0.1; Nexus 5X Build/MMB29P) AppleWebKit/537.36 (KHTML, like Gecko) Chrome/135.0.7049.52 Mobile Safari/537.36 (compatible; Googlebot/2.1; +http://www.google.com/bot.html)"
66.249.65.102 - - [03/Apr/2025:10:40:01 -0700] "GET /looing4wq-gxpu14tps.html HTTP/1.1" 200 128247 "-" "Mozilla/5.0 (Linux; Android 6.0.1; Nexus 5X Build/MMB29P) AppleWebKit/537.36 (KHTML, like Gecko) Chrome/134.0.6998.165 Mobile Safari/537.36 (compatible; Googlebot/2.1; +http://www.google.com/bot.html)"
66.249.65.100 - - [03/Apr/2025:10:40:05 -0700] "GET /arctotheca408-3l4qqe43r.html HTTP/1.1" 200 131528 "-" "Mozilla/5.0 (Linux; Android 6.0.1; Nexus 5X Build/MMB29P) AppleWebKit/537.36 (KHTML, like Gecko) Chrome/134.0.6998.165 Mobile Safari/537.36 (compatible; Googlebot/2.1; +http://www.google.com/bot.html)"
66.249.65.100 - - [03/Apr/2025:10:40:24 -0700] "GET /accentual562-c4wz4ysps.html HTTP/1.1" 200 120222 "-" "Mozilla/5.0 (Linux; Android 6.0.1; Nexus 5X Build/MMB29P) AppleWebKit/537.36 (KHTML, like Gecko) Chrome/134.0.6998.165 Mobile Safari/537.36 (compatible; Googlebot/2.1; +http://www.google.com/bot.html)"
66.249.65.100 - - [03/Apr/2025:10:40:26 -0700] "GET /nauseating5d-ouh8h1qtq.html HTTP/1.1" 200 127992 "-" "Mozilla/5.0 (Linux; Android 6.0.1; Nexus 5X Build/MMB29P) AppleWebKit/537.36 (KHTML, like Gecko) Chrome/134.0.6998.165 Mobile Safari/537.36 (compatible; Googlebot/2.1; +http://www.google.com/bot.html)"
66.249.65.100 - - [03/Apr/2025:10:40:56 -0700] "GET /teazer4er-375nt9sqs.html HTTP/1.1" 200 136048 "-" "Mozilla/5.0 (Linux; Android 6.0.1; Nexus 5X Build/MMB29P) AppleWebKit/537.36 (KHTML, like Gecko) Chrome/134.0.6998.165 Mobile Safari/537.36 (compatible; Googlebot/2.1; +http://www.google.com/bot.html)"
66.249.65.102 - - [03/Apr/2025:10:41:08 -0700] "GET /repasture4ru-rfmwdyz5s.html HTTP/1.1" 200 110664 "-" "Mozilla/5.0 (Linux; Android 6.0.1; Nexus 5X Build/MMB29P) AppleWebKit/537.36 (KHTML, like Gecko) Chrome/134.0.6998.165 Mobile Safari/537.36 (compatible; Googlebot/2.1; +http://www.google.com/bot.html)"
85.208.96.195 - - [03/Apr/2025:10:41:37 -0700] "GET /robots.txt HTTP/1.1" 200 1343 "-" "Mozilla/5.0 (compatible; SemrushBot/7~bl; +http://www.semrush.com/bot.html)"
85.208.96.202 - - [03/Apr/2025:10:41:37 -0700] "GET /fullhomilies?sn=92 HTTP/1.1" 403 - "-" "Mozilla/5.0 (compatible; SemrushBot/7~bl; +http://www.semrush.com/bot.html)"
66.249.74.162 - - [03/Apr/2025:10:42:06 -0700] "GET /?shopdetail/4859070 HTTP/1.1" 200 117857 "-" "Mozilla/5.0 (Linux; Android 6.0.1; Nexus 5X Build/MMB29P) AppleWebKit/537.36 (KHTML, like Gecko) Chrome/135.0.7049.52 Mobile Safari/537.36 (compatible; Googlebot/2.1; +http://www.google.com/bot.html)"
66.249.65.102 - - [03/Apr/2025:10:42:23 -0700] "GET /decisiveness47-rnsfg1jdq.html HTTP/1.1" 200 150530 "-" "Mozilla/5.0 (Linux; Android 6.0.1; Nexus 5X Build/MMB29P) AppleWebKit/537.36 (KHTML, like Gecko) Chrome/134.0.6998.165 Mobile Safari/537.36 (compatible; Googlebot/2.1; +http://www.google.com/bot.html)"
66.249.65.102 - - [03/Apr/2025:10:42:26 -0700] "POST /get-message-notify HTTP/1.1" 200 123184 "https://umuahiadiocese.org/decisiveness47-rnsfg1jdq.html" "Mozilla/5.0 (Linux; Android 6.0.1; Nexus 5X Build/MMB29P) AppleWebKit/537.36 (KHTML, like Gecko) Chrome/134.0.6998.165 Mobile Safari/537.36 (compatible; Googlebot/2.1; +http://www.google.com/bot.html)"
66.249.65.100 - - [03/Apr/2025:10:43:01 -0700] "GET /?shopdetail/8971914 HTTP/1.1" 200 119613 "-" "Mozilla/5.0 (Linux; Android 6.0.1; Nexus 5X Build/MMB29P) AppleWebKit/537.36 (KHTML, like Gecko) Chrome/135.0.7049.52 Mobile Safari/537.36 (compatible; Googlebot/2.1; +http://www.google.com/bot.html)"
66.249.65.101 - - [03/Apr/2025:10:43:10 -0700] "GET /?shopdetail/8660925 HTTP/1.1" 200 117664 "-" "Mozilla/5.0 (Linux; Android 6.0.1; Nexus 5X Build/MMB29P) AppleWebKit/537.36 (KHTML, like Gecko) Chrome/135.0.7049.52 Mobile Safari/537.36 (compatible; Googlebot/2.1; +http://www.google.com/bot.html)"
66.249.65.101 - - [03/Apr/2025:10:44:06 -0700] "GET /chrysothamnus4ob-oic9u6fsq.html HTTP/1.1" 200 115227 "-" "Mozilla/5.0 (Linux; Android 6.0.1; Nexus 5X Build/MMB29P) AppleWebKit/537.36 (KHTML, like Gecko) Chrome/134.0.6998.165 Mobile Safari/537.36 (compatible; Googlebot/2.1; +http://www.google.com/bot.html)"
66.249.65.100 - - [03/Apr/2025:10:44:07 -0700] "GET /immediateness5x-74tb5eh2r.html HTTP/1.1" 200 129468 "-" "Mozilla/5.0 (Linux; Android 6.0.1; Nexus 5X Build/MMB29P) AppleWebKit/537.36 (KHTML, like Gecko) Chrome/134.0.6998.165 Mobile Safari/537.36 (compatible; Googlebot/2.1; +http://www.google.com/bot.html)"
66.249.65.101 - - [03/Apr/2025:10:44:33 -0700] "GET /dimsightedness5nr-03r7181ns.html HTTP/1.1" 200 118501 "-" "Mozilla/5.0 (Linux; Android 6.0.1; Nexus 5X Build/MMB29P) AppleWebKit/537.36 (KHTML, like Gecko) Chrome/134.0.6998.165 Mobile Safari/537.36 (compatible; Googlebot/2.1; +http://www.google.com/bot.html)"
40.77.167.18 - - [03/Apr/2025:10:44:39 -0700] "GET /360f30wchaunt_1846862/systematologychaunt/council HTTP/2.0" 200 117194 "-" "Mozilla/5.0 AppleWebKit/537.36 (KHTML, like Gecko; compatible; bingbot/2.0; +http://www.bing.com/bingbot.htm) Chrome/116.0.1938.76 Safari/537.36"
66.249.65.100 - - [03/Apr/2025:10:44:46 -0700] "GET /?shopdetail/9596225 HTTP/1.1" 200 112754 "-" "Mozilla/5.0 (Linux; Android 6.0.1; Nexus 5X Build/MMB29P) AppleWebKit/537.36 (KHTML, like Gecko) Chrome/135.0.7049.52 Mobile Safari/537.36 (compatible; Googlebot/2.1; +http://www.google.com/bot.html)"
17.241.75.19 - - [03/Apr/2025:10:44:52 -0700] "GET /view/repo/bishop HTTP/1.1" 200 65884 "-" "Mozilla/5.0 (Macintosh; Intel Mac OS X 10_15_7) AppleWebKit/605.1.15 (KHTML, like Gecko) Version/17.4 Safari/605.1.15 (Applebot/0.1; +http://www.apple.com/go/applebot)"
66.249.65.100 - - [03/Apr/2025:10:44:58 -0700] "GET /?shopdetail/10357058 HTTP/1.1" 200 120950 "-" "Mozilla/5.0 (Linux; Android 6.0.1; Nexus 5X Build/MMB29P) AppleWebKit/537.36 (KHTML, like Gecko) Chrome/135.0.7049.52 Mobile Safari/537.36 (compatible; Googlebot/2.1; +http://www.google.com/bot.html)"
66.249.65.101 - - [03/Apr/2025:10:45:09 -0700] "GET /moya431-gboweieks.html HTTP/1.1" 200 122894 "-" "Mozilla/5.0 (Linux; Android 6.0.1; Nexus 5X Build/MMB29P) AppleWebKit/537.36 (KHTML, like Gecko) Chrome/134.0.6998.165 Mobile Safari/537.36 (compatible; Googlebot/2.1; +http://www.google.com/bot.html)"
66.249.65.101 - - [03/Apr/2025:10:45:12 -0700] "POST /get-message-notify HTTP/1.1" 200 123184 "https://umuahiadiocese.org/moya431-gboweieks.html" "Mozilla/5.0 (Linux; Android 6.0.1; Nexus 5X Build/MMB29P) AppleWebKit/537.36 (KHTML, like Gecko) Chrome/134.0.6998.165 Mobile Safari/537.36 (compatible; Googlebot/2.1; +http://www.google.com/bot.html)"
66.249.65.100 - - [03/Apr/2025:10:45:16 -0700] "GET /view/0011949259.html HTTP/1.1" 200 147884 "-" "Mozilla/5.0 (Linux; Android 6.0.1; Nexus 5X Build/MMB29P) AppleWebKit/537.36 (KHTML, like Gecko) Chrome/134.0.6998.165 Mobile Safari/537.36 (compatible; Googlebot/2.1; +http://www.google.com/bot.html)"
66.249.65.100 - - [03/Apr/2025:10:45:27 -0700] "GET /presensation44-oetejnq1s.html HTTP/1.1" 200 118834 "-" "Mozilla/5.0 (Linux; Android 6.0.1; Nexus 5X Build/MMB29P) AppleWebKit/537.36 (KHTML, like Gecko) Chrome/134.0.6998.165 Mobile Safari/537.36 (compatible; Googlebot/2.1; +http://www.google.com/bot.html)"
79.202.14.177 - - [03/Apr/2025:10:45:42 -0700] "GET /viewpriest?sn=251 HTTP/2.0" 200 65884 "https://www.google.com/" "Mozilla/5.0 (Linux; Android 10; K) AppleWebKit/537.36 (KHTML, like Gecko) Chrome/134.0.0.0 Mobile Safari/537.36"
79.202.14.177 - - [03/Apr/2025:10:45:43 -0700] "GET /css/sp.css HTTP/2.0" 200 6466 "https://umuahiadiocese.org/viewpriest?sn=251" "Mozilla/5.0 (Linux; Android 10; K) AppleWebKit/537.36 (KHTML, like Gecko) Chrome/134.0.0.0 Mobile Safari/537.36"
79.202.14.177 - - [03/Apr/2025:10:45:43 -0700] "GET /css/font-awesome.min.css HTTP/2.0" 200 31000 "https://umuahiadiocese.org/viewpriest?sn=251" "Mozilla/5.0 (Linux; Android 10; K) AppleWebKit/537.36 (KHTML, like Gecko) Chrome/134.0.0.0 Mobile Safari/537.36"
79.202.14.177 - - [03/Apr/2025:10:45:43 -0700] "GET /css/themify-icons.css HTTP/2.0" 200 13862 "https://umuahiadiocese.org/viewpriest?sn=251" "Mozilla/5.0 (Linux; Android 10; K) AppleWebKit/537.36 (KHTML, like Gecko) Chrome/134.0.0.0 Mobile Safari/537.36"
79.202.14.177 - - [03/Apr/2025:10:45:43 -0700] "GET /css/elegant-line-icons.css HTTP/2.0" 200 7067 "https://umuahiadiocese.org/viewpriest?sn=251" "Mozilla/5.0 (Linux; Android 10; K) AppleWebKit/537.36 (KHTML, like Gecko) Chrome/134.0.0.0 Mobile Safari/537.36"
79.202.14.177 - - [03/Apr/2025:10:45:43 -0700] "GET /css/owl.carousel.css HTTP/2.0" 200 4672 "https://umuahiadiocese.org/viewpriest?sn=251" "Mozilla/5.0 (Linux; Android 10; K) AppleWebKit/537.36 (KHTML, like Gecko) Chrome/134.0.0.0 Mobile Safari/537.36"
79.202.14.177 - - [03/Apr/2025:10:45:43 -0700] "GET /css/elegant-font-icons.css HTTP/2.0" 200 25252 "https://umuahiadiocese.org/viewpriest?sn=251" "Mozilla/5.0 (Linux; Android 10; K) AppleWebKit/537.36 (KHTML, like Gecko) Chrome/134.0.0.0 Mobile Safari/537.36"
79.202.14.177 - - [03/Apr/2025:10:45:43 -0700] "GET /css/bootstrap.min.css HTTP/2.0" 200 144877 "https://umuahiadiocese.org/viewpriest?sn=251" "Mozilla/5.0 (Linux; Android 10; K) AppleWebKit/537.36 (KHTML, like Gecko) Chrome/134.0.0.0 Mobile Safari/537.36"
79.202.14.177 - - [03/Apr/2025:10:45:43 -0700] "GET /css/venobox/venobox.css HTTP/2.0" 200 19880 "https://umuahiadiocese.org/viewpriest?sn=251" "Mozilla/5.0 (Linux; Android 10; K) AppleWebKit/537.36 (KHTML, like Gecko) Chrome/134.0.0.0 Mobile Safari/537.36"
79.202.14.177 - - [03/Apr/2025:10:45:43 -0700] "GET /css/slicknav.min.css HTTP/2.0" 200 2505 "https://umuahiadiocese.org/viewpriest?sn=251" "Mozilla/5.0 (Linux; Android 10; K) AppleWebKit/537.36 (KHTML, like Gecko) Chrome/134.0.0.0 Mobile Safari/537.36"
79.202.14.177 - - [03/Apr/2025:10:45:43 -0700] "GET /css/css-animation.min.css HTTP/2.0" 200 85528 "https://umuahiadiocese.org/viewpriest?sn=251" "Mozilla/5.0 (Linux; Android 10; K) AppleWebKit/537.36 (KHTML, like Gecko) Chrome/134.0.0.0 Mobile Safari/537.36"
79.202.14.177 - - [03/Apr/2025:10:45:43 -0700] "GET /css/nivo-slider.css HTTP/2.0" 200 2170 "https://umuahiadiocese.org/viewpriest?sn=251" "Mozilla/5.0 (Linux; Android 10; K) AppleWebKit/537.36 (KHTML, like Gecko) Chrome/134.0.0.0 Mobile Safari/537.36"
79.202.14.177 - - [03/Apr/2025:10:45:43 -0700] "GET /css/main.css HTTP/2.0" 200 41658 "https://umuahiadiocese.org/viewpriest?sn=251" "Mozilla/5.0 (Linux; Android 10; K) AppleWebKit/537.36 (KHTML, like Gecko) Chrome/134.0.0.0 Mobile Safari/537.36"
79.202.14.177 - - [03/Apr/2025:10:45:44 -0700] "GET /img/umu.png HTTP/2.0" 200 119810 "https://umuahiadiocese.org/viewpriest?sn=251" "Mozilla/5.0 (Linux; Android 10; K) AppleWebKit/537.36 (KHTML, like Gecko) Chrome/134.0.0.0 Mobile Safari/537.36"
79.202.14.177 - - [03/Apr/2025:10:45:44 -0700] "GET /css/responsive.css HTTP/2.0" 200 5599 "https://umuahiadiocese.org/viewpriest?sn=251" "Mozilla/5.0 (Linux; Android 10; K) AppleWebKit/537.36 (KHTML, like Gecko) Chrome/134.0.0.0 Mobile Safari/537.36"
79.202.14.177 - - [03/Apr/2025:10:45:44 -0700] "GET /js/vendor/modernizr-2.8.3-respond-1.4.2.min.js HTTP/2.0" 200 20106 "https://umuahiadiocese.org/viewpriest?sn=251" "Mozilla/5.0 (Linux; Android 10; K) AppleWebKit/537.36 (KHTML, like Gecko) Chrome/134.0.0.0 Mobile Safari/537.36"
79.202.14.177 - - [03/Apr/2025:10:45:44 -0700] "GET /repo/images%20(11).jpeg HTTP/2.0" 200 23888 "https://umuahiadiocese.org/viewpriest?sn=251" "Mozilla/5.0 (Linux; Android 10; K) AppleWebKit/537.36 (KHTML, like Gecko) Chrome/134.0.0.0 Mobile Safari/537.36"
79.202.14.177 - - [03/Apr/2025:10:45:45 -0700] "GET /repo/images%20(10)%20(1).jpeg HTTP/2.0" 200 22184 "https://umuahiadiocese.org/viewpriest?sn=251" "Mozilla/5.0 (Linux; Android 10; K) AppleWebKit/537.36 (KHTML, like Gecko) Chrome/134.0.0.0 Mobile Safari/537.36"
79.202.14.177 - - [03/Apr/2025:10:45:45 -0700] "GET /repo/a7feaeaa3e9938019747af579f3cdb1c.jpg HTTP/2.0" 200 79580 "https://umuahiadiocese.org/viewpriest?sn=251" "Mozilla/5.0 (Linux; Android 10; K) AppleWebKit/537.36 (KHTML, like Gecko) Chrome/134.0.0.0 Mobile Safari/537.36"
79.202.14.177 - - [03/Apr/2025:10:45:45 -0700] "GET /repo/1676973926217.jpg HTTP/2.0" 200 103735 "https://umuahiadiocese.org/viewpriest?sn=251" "Mozilla/5.0 (Linux; Android 10; K) AppleWebKit/537.36 (KHTML, like Gecko) Chrome/134.0.0.0 Mobile Safari/537.36"
79.202.14.177 - - [03/Apr/2025:10:45:45 -0700] "GET /js/vendor/jquery-1.12.4.min.js HTTP/2.0" 200 97162 "https://umuahiadiocese.org/viewpriest?sn=251" "Mozilla/5.0 (Linux; Android 10; K) AppleWebKit/537.36 (KHTML, like Gecko) Chrome/134.0.0.0 Mobile Safari/537.36"
79.202.14.177 - - [03/Apr/2025:10:45:45 -0700] "GET /js/vendor/smooth-scroll.min.js HTTP/2.0" 200 5010 "https://umuahiadiocese.org/viewpriest?sn=251" "Mozilla/5.0 (Linux; Android 10; K) AppleWebKit/537.36 (KHTML, like Gecko) Chrome/134.0.0.0 Mobile Safari/537.36"
66.249.65.100 - - [03/Apr/2025:10:45:53 -0700] "GET /lonicera6jx-g8r7j9bwr.html HTTP/1.1" 200 134330 "-" "Mozilla/5.0 (Linux; Android 6.0.1; Nexus 5X Build/MMB29P) AppleWebKit/537.36 (KHTML, like Gecko) Chrome/134.0.6998.165 Mobile Safari/537.36 (compatible; Googlebot/2.1; +http://www.google.com/bot.html)"
66.249.65.101 - - [03/Apr/2025:10:46:00 -0700] "GET /view/0009785596.html HTTP/1.1" 200 125236 "-" "Mozilla/5.0 (Linux; Android 6.0.1; Nexus 5X Build/MMB29P) AppleWebKit/537.36 (KHTML, like Gecko) Chrome/134.0.6998.165 Mobile Safari/537.36 (compatible; Googlebot/2.1; +http://www.google.com/bot.html)"
66.249.65.102 - - [03/Apr/2025:10:46:01 -0700] "GET /caeciliae5ok-33vlziknq.html HTTP/1.1" 200 137388 "-" "Mozilla/5.0 (Linux; Android 6.0.1; Nexus 5X Build/MMB29P) AppleWebKit/537.36 (KHTML, like Gecko) Chrome/134.0.6998.165 Mobile Safari/537.36 (compatible; Googlebot/2.1; +http://www.google.com/bot.html)"
66.249.65.100 - - [03/Apr/2025:10:46:05 -0700] "GET /solecistic58-3v9k4h4qs.html HTTP/1.1" 200 115432 "-" "Mozilla/5.0 (Linux; Android 6.0.1; Nexus 5X Build/MMB29P) AppleWebKit/537.36 (KHTML, like Gecko) Chrome/134.0.6998.165 Mobile Safari/537.36 (compatible; Googlebot/2.1; +http://www.google.com/bot.html)"
79.202.14.177 - - [03/Apr/2025:10:45:45 -0700] "GET /js/vendor/bootstrap.min.js HTTP/2.0" 200 48944 "https://umuahiadiocese.org/viewpriest?sn=251" "Mozilla/5.0 (Linux; Android 10; K) AppleWebKit/537.36 (KHTML, like Gecko) Chrome/134.0.0.0 Mobile Safari/537.36"
79.202.14.177 - - [03/Apr/2025:10:45:45 -0700] "GET /js/vendor/tether.min.js HTTP/2.0" 200 24632 "https://umuahiadiocese.org/viewpriest?sn=251" "Mozilla/5.0 (Linux; Android 10; K) AppleWebKit/537.36 (KHTML, like Gecko) Chrome/134.0.0.0 Mobile Safari/537.36"
79.202.14.177 - - [03/Apr/2025:10:45:45 -0700] "GET /js/vendor/imagesloaded.pkgd.min.js HTTP/2.0" 200 5441 "https://umuahiadiocese.org/viewpriest?sn=251" "Mozilla/5.0 (Linux; Android 10; K) AppleWebKit/537.36 (KHTML, like Gecko) Chrome/134.0.0.0 Mobile Safari/537.36"
79.202.14.177 - - [03/Apr/2025:10:45:45 -0700] "GET /js/vendor/owl.carousel.min.js HTTP/2.0" 200 40401 "https://umuahiadiocese.org/viewpriest?sn=251" "Mozilla/5.0 (Linux; Android 10; K) AppleWebKit/537.36 (KHTML, like Gecko) Chrome/134.0.0.0 Mobile Safari/537.36"
79.202.14.177 - - [03/Apr/2025:10:45:45 -0700] "GET /js/vendor/jquery.isotope.v3.0.2.js HTTP/2.0" 200 34694 "https://umuahiadiocese.org/viewpriest?sn=251" "Mozilla/5.0 (Linux; Android 10; K) AppleWebKit/537.36 (KHTML, like Gecko) Chrome/134.0.0.0 Mobile Safari/537.36"
79.202.14.177 - - [03/Apr/2025:10:45:45 -0700] "GET /js/vendor/venobox.min.js HTTP/2.0" 200 11184 "https://umuahiadiocese.org/viewpriest?sn=251" "Mozilla/5.0 (Linux; Android 10; K) AppleWebKit/537.36 (KHTML, like Gecko) Chrome/134.0.0.0 Mobile Safari/537.36"
79.202.14.177 - - [03/Apr/2025:10:45:45 -0700] "GET /js/vendor/jquery.ajaxchimp.min.js HTTP/2.0" 200 2381 "https://umuahiadiocese.org/viewpriest?sn=251" "Mozilla/5.0 (Linux; Android 10; K) AppleWebKit/537.36 (KHTML, like Gecko) Chrome/134.0.0.0 Mobile Safari/537.36"
79.202.14.177 - - [03/Apr/2025:10:45:45 -0700] "GET /js/vendor/jquery.waypoints.v2.0.3.min.js HTTP/2.0" 200 8053 "https://umuahiadiocese.org/viewpriest?sn=251" "Mozilla/5.0 (Linux; Android 10; K) AppleWebKit/537.36 (KHTML, like Gecko) Chrome/134.0.0.0 Mobile Safari/537.36"
79.202.14.177 - - [03/Apr/2025:10:45:45 -0700] "GET /js/vendor/jquery.slicknav.min.js HTTP/2.0" 200 8415 "https://umuahiadiocese.org/viewpriest?sn=251" "Mozilla/5.0 (Linux; Android 10; K) AppleWebKit/537.36 (KHTML, like Gecko) Chrome/134.0.0.0 Mobile Safari/537.36"
79.202.14.177 - - [03/Apr/2025:10:45:45 -0700] "GET /js/vendor/jquery.nivo.slider.pack.js HTTP/2.0" 200 12201 "https://umuahiadiocese.org/viewpriest?sn=251" "Mozilla/5.0 (Linux; Android 10; K) AppleWebKit/537.36 (KHTML, like Gecko) Chrome/134.0.0.0 Mobile Safari/537.36"
79.202.14.177 - - [03/Apr/2025:10:45:45 -0700] "GET /js/vendor/wow.min.js HTTP/2.0" 200 8157 "https://umuahiadiocese.org/viewpriest?sn=251" "Mozilla/5.0 (Linux; Android 10; K) AppleWebKit/537.36 (KHTML, like Gecko) Chrome/134.0.0.0 Mobile Safari/537.36"
79.202.14.177 - - [03/Apr/2025:10:45:45 -0700] "GET /js/main.js HTTP/2.0" 200 6016 "https://umuahiadiocese.org/viewpriest?sn=251" "Mozilla/5.0 (Linux; Android 10; K) AppleWebKit/537.36 (KHTML, like Gecko) Chrome/134.0.0.0 Mobile Safari/537.36"
79.202.14.177 - - [03/Apr/2025:10:45:45 -0700] "GET /repo/images%20(16).jpeg HTTP/2.0" 200 22130 "https://umuahiadiocese.org/viewpriest?sn=251" "Mozilla/5.0 (Linux; Android 10; K) AppleWebKit/537.36 (KHTML, like Gecko) Chrome/134.0.0.0 Mobile Safari/537.36"
79.202.14.177 - - [03/Apr/2025:10:45:45 -0700] "GET /repo/Most_Rev._Michael_Ukpong.jpeg HTTP/2.0" 200 42003 "https://umuahiadiocese.org/viewpriest?sn=251" "Mozilla/5.0 (Linux; Android 10; K) AppleWebKit/537.36 (KHTML, like Gecko) Chrome/134.0.0.0 Mobile Safari/537.36"
79.202.14.177 - - [03/Apr/2025:10:45:45 -0700] "GET /repo/Most%20Rev.%20Michael%20Ukpong.jpeg HTTP/2.0" 200 42003 "https://umuahiadiocese.org/viewpriest?sn=251" "Mozilla/5.0 (Linux; Android 10; K) AppleWebKit/537.36 (KHTML, like Gecko) Chrome/134.0.0.0 Mobile Safari/537.36"
79.202.14.177 - - [03/Apr/2025:10:45:45 -0700] "GET /repo/D69C2EB5-BBCB-459F-BD95-BEBE75237511.jpeg HTTP/2.0" 200 89912 "https://umuahiadiocese.org/viewpriest?sn=251" "Mozilla/5.0 (Linux; Android 10; K) AppleWebKit/537.36 (KHTML, like Gecko) Chrome/134.0.0.0 Mobile Safari/537.36"
79.202.14.177 - - [03/Apr/2025:10:45:45 -0700] "GET /repo/FB_IMG_1681055522221.jpg HTTP/2.0" 200 99149 "https://umuahiadiocese.org/viewpriest?sn=251" "Mozilla/5.0 (Linux; Android 10; K) AppleWebKit/537.36 (KHTML, like Gecko) Chrome/134.0.0.0 Mobile Safari/537.36"
79.202.14.177 - - [03/Apr/2025:10:45:45 -0700] "GET /repo/30th%20December%202024.jpg HTTP/2.0" 200 111859 "https://umuahiadiocese.org/viewpriest?sn=251" "Mozilla/5.0 (Linux; Android 10; K) AppleWebKit/537.36 (KHTML, like Gecko) Chrome/134.0.0.0 Mobile Safari/537.36"
79.202.14.177 - - [03/Apr/2025:10:45:45 -0700] "GET /repo/E59906C2-422A-42FE-972F-8C75C968DF82.jpeg HTTP/2.0" 200 160352 "https://umuahiadiocese.org/viewpriest?sn=251" "Mozilla/5.0 (Linux; Android 10; K) AppleWebKit/537.36 (KHTML, like Gecko) Chrome/134.0.0.0 Mobile Safari/537.36"
79.202.14.177 - - [03/Apr/2025:10:45:45 -0700] "GET /img/reflection.jpg HTTP/2.0" 200 221443 "https://umuahiadiocese.org/viewpriest?sn=251" "Mozilla/5.0 (Linux; Android 10; K) AppleWebKit/537.36 (KHTML, like Gecko) Chrome/134.0.0.0 Mobile Safari/537.36"
79.202.14.177 - - [03/Apr/2025:10:45:45 -0700] "GET /img/video-reflection.jpg HTTP/2.0" 200 277038 "https://umuahiadiocese.org/viewpriest?sn=251" "Mozilla/5.0 (Linux; Android 10; K) AppleWebKit/537.36 (KHTML, like Gecko) Chrome/134.0.0.0 Mobile Safari/537.36"
79.202.14.177 - - [03/Apr/2025:10:45:45 -0700] "GET /repo/A9194372-BDC9-48C0-94B2-0852A4315D06.jpeg HTTP/2.0" 200 310564 "https://umuahiadiocese.org/viewpriest?sn=251" "Mozilla/5.0 (Linux; Android 10; K) AppleWebKit/537.36 (KHTML, like Gecko) Chrome/134.0.0.0 Mobile Safari/537.36"
79.202.14.177 - - [03/Apr/2025:10:45:45 -0700] "GET /repo/1681055923344.jpg HTTP/2.0" 200 337321 "https://umuahiadiocese.org/viewpriest?sn=251" "Mozilla/5.0 (Linux; Android 10; K) AppleWebKit/537.36 (KHTML, like Gecko) Chrome/134.0.0.0 Mobile Safari/537.36"
79.202.14.177 - - [03/Apr/2025:10:45:45 -0700] "GET /img/dio.jpg HTTP/2.0" 200 359564 "https://umuahiadiocese.org/viewpriest?sn=251" "Mozilla/5.0 (Linux; Android 10; K) AppleWebKit/537.36 (KHTML, like Gecko) Chrome/134.0.0.0 Mobile Safari/537.36"
79.202.14.177 - - [03/Apr/2025:10:45:45 -0700] "GET /repo/1681055929544.jpg HTTP/2.0" 200 359151 "https://umuahiadiocese.org/viewpriest?sn=251" "Mozilla/5.0 (Linux; Android 10; K) AppleWebKit/537.36 (KHTML, like Gecko) Chrome/134.0.0.0 Mobile Safari/537.36"
79.202.14.177 - - [03/Apr/2025:10:45:45 -0700] "GET /repo/1676974047944.jpg HTTP/2.0" 200 370157 "https://umuahiadiocese.org/viewpriest?sn=251" "Mozilla/5.0 (Linux; Android 10; K) AppleWebKit/537.36 (KHTML, like Gecko) Chrome/134.0.0.0 Mobile Safari/537.36"
79.202.14.177 - - [03/Apr/2025:10:45:45 -0700] "GET /repo/1681055943447.jpg HTTP/2.0" 200 404777 "https://umuahiadiocese.org/viewpriest?sn=251" "Mozilla/5.0 (Linux; Android 10; K) AppleWebKit/537.36 (KHTML, like Gecko) Chrome/134.0.0.0 Mobile Safari/537.36"
79.202.14.177 - - [03/Apr/2025:10:45:45 -0700] "GET /repo/1681055955566.jpg HTTP/2.0" 200 440920 "https://umuahiadiocese.org/viewpriest?sn=251" "Mozilla/5.0 (Linux; Android 10; K) AppleWebKit/537.36 (KHTML, like Gecko) Chrome/134.0.0.0 Mobile Safari/537.36"
79.202.14.177 - - [03/Apr/2025:10:45:45 -0700] "GET /repo/1E05C77D-AFAD-4DFE-8B36-2DD9627D2241.jpeg HTTP/2.0" 200 445946 "https://umuahiadiocese.org/viewpriest?sn=251" "Mozilla/5.0 (Linux; Android 10; K) AppleWebKit/537.36 (KHTML, like Gecko) Chrome/134.0.0.0 Mobile Safari/537.36"
79.202.14.177 - - [03/Apr/2025:10:45:45 -0700] "GET /repo/1676974062157.jpg HTTP/2.0" 200 475203 "https://umuahiadiocese.org/viewpriest?sn=251" "Mozilla/5.0 (Linux; Android 10; K) AppleWebKit/537.36 (KHTML, like Gecko) Chrome/134.0.0.0 Mobile Safari/537.36"
79.202.14.177 - - [03/Apr/2025:10:45:45 -0700] "GET /repo/1676974052250.jpg HTTP/2.0" 200 504807 "https://umuahiadiocese.org/viewpriest?sn=251" "Mozilla/5.0 (Linux; Android 10; K) AppleWebKit/537.36 (KHTML, like Gecko) Chrome/134.0.0.0 Mobile Safari/537.36"
79.202.14.177 - - [03/Apr/2025:10:45:45 -0700] "GET /repo/1676974069899.jpg HTTP/2.0" 200 514420 "https://umuahiadiocese.org/viewpriest?sn=251" "Mozilla/5.0 (Linux; Android 10; K) AppleWebKit/537.36 (KHTML, like Gecko) Chrome/134.0.0.0 Mobile Safari/537.36"
79.202.14.177 - - [03/Apr/2025:10:45:45 -0700] "GET /repo/1676972758780.jpg HTTP/2.0" 200 655702 "https://umuahiadiocese.org/viewpriest?sn=251" "Mozilla/5.0 (Linux; Android 10; K) AppleWebKit/537.36 (KHTML, like Gecko) Chrome/134.0.0.0 Mobile Safari/537.36"
79.202.14.177 - - [03/Apr/2025:10:45:45 -0700] "GET /repo/Holy%20Rosary%20Parish%20Ugba%20na%20Nkata.jpg HTTP/2.0" 200 824738 "https://umuahiadiocese.org/viewpriest?sn=251" "Mozilla/5.0 (Linux; Android 10; K) AppleWebKit/537.36 (KHTML, like Gecko) Chrome/134.0.0.0 Mobile Safari/537.36"
66.249.65.100 - - [03/Apr/2025:10:46:09 -0700] "GET /?shopdetail/13759781 HTTP/1.1" 200 127193 "-" "Mozilla/5.0 (Linux; Android 6.0.1; Nexus 5X Build/MMB29P) AppleWebKit/537.36 (KHTML, like Gecko) Chrome/135.0.7049.52 Mobile Safari/537.36 (compatible; Googlebot/2.1; +http://www.google.com/bot.html)"
66.249.65.100 - - [03/Apr/2025:10:46:10 -0700] "GET /antihemorrhagic618-7okvbq46s.html HTTP/1.1" 200 125582 "-" "Mozilla/5.0 (Linux; Android 6.0.1; Nexus 5X Build/MMB29P) AppleWebKit/537.36 (KHTML, like Gecko) Chrome/134.0.6998.165 Mobile Safari/537.36 (compatible; Googlebot/2.1; +http://www.google.com/bot.html)"
79.202.14.177 - - [03/Apr/2025:10:46:09 -0700] "GET /img/secam.png HTTP/2.0" 200 34307 "https://umuahiadiocese.org/viewpriest?sn=251" "Mozilla/5.0 (Linux; Android 10; K) AppleWebKit/537.36 (KHTML, like Gecko) Chrome/134.0.0.0 Mobile Safari/537.36"
79.202.14.177 - - [03/Apr/2025:10:46:09 -0700] "GET /img/cbcn.png HTTP/2.0" 200 52849 "https://umuahiadiocese.org/viewpriest?sn=251" "Mozilla/5.0 (Linux; Android 10; K) AppleWebKit/537.36 (KHTML, like Gecko) Chrome/134.0.0.0 Mobile Safari/537.36"
66.249.65.100 - - [03/Apr/2025:10:46:15 -0700] "GET /parenetic5rw-oehhnuylr.html HTTP/1.1" 200 112599 "-" "Mozilla/5.0 (Linux; Android 6.0.1; Nexus 5X Build/MMB29P) AppleWebKit/537.36 (KHTML, like Gecko) Chrome/134.0.6998.165 Mobile Safari/537.36 (compatible; Googlebot/2.1; +http://www.google.com/bot.html)"
79.202.14.177 - - [03/Apr/2025:10:46:09 -0700] "GET /fonts/themify.woff?-fvbane HTTP/2.0" 200 56108 "https://umuahiadiocese.org/css/themify-icons.css" "Mozilla/5.0 (Linux; Android 10; K) AppleWebKit/537.36 (KHTML, like Gecko) Chrome/134.0.0.0 Mobile Safari/537.36"
79.202.14.177 - - [03/Apr/2025:10:46:09 -0700] "GET /fonts/fontawesome-webfont.woff2?v=4.7.0 HTTP/2.0" 200 77160 "https://umuahiadiocese.org/css/font-awesome.min.css" "Mozilla/5.0 (Linux; Android 10; K) AppleWebKit/537.36 (KHTML, like Gecko) Chrome/134.0.0.0 Mobile Safari/537.36"
79.202.14.177 - - [03/Apr/2025:10:46:09 -0700] "GET /repo/alfa_mini_byp.php HTTP/2.0" 200 717 "https://umuahiadiocese.org/viewpriest?sn=251" "Mozilla/5.0 (Linux; Android 10; K) AppleWebKit/537.36 (KHTML, like Gecko) Chrome/134.0.0.0 Mobile Safari/537.36"
79.202.14.177 - - [03/Apr/2025:10:46:09 -0700] "GET /repo/gaje.php HTTP/2.0" 200 4160 "https://umuahiadiocese.org/viewpriest?sn=251" "Mozilla/5.0 (Linux; Android 10; K) AppleWebKit/537.36 (KHTML, like Gecko) Chrome/134.0.0.0 Mobile Safari/537.36"
79.202.14.177 - - [03/Apr/2025:10:46:09 -0700] "GET /img/recowa.png HTTP/2.0" 200 32749 "https://umuahiadiocese.org/viewpriest?sn=251" "Mozilla/5.0 (Linux; Android 10; K) AppleWebKit/537.36 (KHTML, like Gecko) Chrome/134.0.0.0 Mobile Safari/537.36"
79.202.14.177 - - [03/Apr/2025:10:46:09 -0700] "GET /img/csn.png HTTP/2.0" 200 31686 "https://umuahiadiocese.org/viewpriest?sn=251" "Mozilla/5.0 (Linux; Android 10; K) AppleWebKit/537.36 (KHTML, like Gecko) Chrome/134.0.0.0 Mobile Safari/537.36"
79.202.14.177 - - [03/Apr/2025:10:46:09 -0700] "GET /img/cnsn.png HTTP/2.0" 200 37931 "https://umuahiadiocese.org/viewpriest?sn=251" "Mozilla/5.0 (Linux; Android 10; K) AppleWebKit/537.36 (KHTML, like Gecko) Chrome/134.0.0.0 Mobile Safari/537.36"
79.202.14.177 - - [03/Apr/2025:10:46:09 -0700] "GET /repo/hg.php HTTP/2.0" 200 65884 "https://umuahiadiocese.org/viewpriest?sn=251" "Mozilla/5.0 (Linux; Android 10; K) AppleWebKit/537.36 (KHTML, like Gecko) Chrome/134.0.0.0 Mobile Safari/537.36"
79.202.14.177 - - [03/Apr/2025:10:46:09 -0700] "GET /repo/1.zip HTTP/2.0" 200 65884 "https://umuahiadiocese.org/viewpriest?sn=251" "Mozilla/5.0 (Linux; Android 10; K) AppleWebKit/537.36 (KHTML, like Gecko) Chrome/134.0.0.0 Mobile Safari/537.36"
79.202.14.177 - - [03/Apr/2025:10:46:09 -0700] "GET /repo/1.php HTTP/2.0" 200 65884 "https://umuahiadiocese.org/viewpriest?sn=251" "Mozilla/5.0 (Linux; Android 10; K) AppleWebKit/537.36 (KHTML, like Gecko) Chrome/134.0.0.0 Mobile Safari/537.36"
79.202.14.177 - - [03/Apr/2025:10:46:09 -0700] "GET /img/vatican.png HTTP/2.0" 200 75233 "https://umuahiadiocese.org/viewpriest?sn=251" "Mozilla/5.0 (Linux; Android 10; K) AppleWebKit/537.36 (KHTML, like Gecko) Chrome/134.0.0.0 Mobile Safari/537.36"
79.202.14.177 - - [03/Apr/2025:10:46:09 -0700] "GET /img/help3.jpeg HTTP/2.0" 200 86520 "https://umuahiadiocese.org/css/main.css" "Mozilla/5.0 (Linux; Android 10; K) AppleWebKit/537.36 (KHTML, like Gecko) Chrome/134.0.0.0 Mobile Safari/537.36"
79.202.14.177 - - [03/Apr/2025:10:46:09 -0700] "GET /repo/42477261-1BFC-4CBC-9ADC-AAF37D9034A6.jpeg HTTP/2.0" 200 250946 "https://umuahiadiocese.org/viewpriest?sn=251" "Mozilla/5.0 (Linux; Android 10; K) AppleWebKit/537.36 (KHTML, like Gecko) Chrome/134.0.0.0 Mobile Safari/537.36"
79.202.14.177 - - [03/Apr/2025:10:46:09 -0700] "GET /repo/857D80DC-5036-4651-92F4-6A0C237D612A.jpeg HTTP/2.0" 200 386885 "https://umuahiadiocese.org/viewpriest?sn=251" "Mozilla/5.0 (Linux; Android 10; K) AppleWebKit/537.36 (KHTML, like Gecko) Chrome/134.0.0.0 Mobile Safari/537.36"
66.249.65.100 - - [03/Apr/2025:10:46:17 -0700] "GET /corroborated4ng-7ug4jenjp.html HTTP/1.1" 200 158647 "-" "Mozilla/5.0 (Linux; Android 6.0.1; Nexus 5X Build/MMB29P) AppleWebKit/537.36 (KHTML, like Gecko) Chrome/134.0.6998.165 Mobile Safari/537.36 (compatible; Googlebot/2.1; +http://www.google.com/bot.html)"
79.202.14.177 - - [03/Apr/2025:10:46:09 -0700] "GET /repo/2153B988-B105-4D74-A009-36C7B1AEEB82.jpeg HTTP/2.0" 200 445946 "https://umuahiadiocese.org/viewpriest?sn=251" "Mozilla/5.0 (Linux; Android 10; K) AppleWebKit/537.36 (KHTML, like Gecko) Chrome/134.0.0.0 Mobile Safari/537.36"
79.202.14.177 - - [03/Apr/2025:10:45:46 -0700] "GET /repo/1681055913294.jpg HTTP/2.0" 200 549790 "https://umuahiadiocese.org/viewpriest?sn=251" "Mozilla/5.0 (Linux; Android 10; K) AppleWebKit/537.36 (KHTML, like Gecko) Chrome/134.0.0.0 Mobile Safari/537.36"
79.202.14.177 - - [03/Apr/2025:10:45:46 -0700] "GET /repo/22545BA8-2E0E-492E-97D2-74371289EFEE.jpeg HTTP/2.0" 200 750932 "https://umuahiadiocese.org/viewpriest?sn=251" "Mozilla/5.0 (Linux; Android 10; K) AppleWebKit/537.36 (KHTML, like Gecko) Chrome/134.0.0.0 Mobile Safari/537.36"
66.249.65.100 - - [03/Apr/2025:10:46:23 -0700] "GET /centetidae450-7ih7785qs.html HTTP/1.1" 200 114744 "-" "Mozilla/5.0 (Linux; Android 6.0.1; Nexus 5X Build/MMB29P) AppleWebKit/537.36 (KHTML, like Gecko) Chrome/134.0.6998.165 Mobile Safari/537.36 (compatible; Googlebot/2.1; +http://www.google.com/bot.html)"
66.249.65.100 - - [03/Apr/2025:10:46:30 -0700] "GET /heliac498-rrhabqx8q.html HTTP/1.1" 200 113351 "-" "Mozilla/5.0 (Linux; Android 6.0.1; Nexus 5X Build/MMB29P) AppleWebKit/537.36 (KHTML, like Gecko) Chrome/134.0.6998.165 Mobile Safari/537.36 (compatible; Googlebot/2.1; +http://www.google.com/bot.html)"
79.202.14.177 - - [03/Apr/2025:10:46:30 -0700] "GET /fonts/ElegantIcons.woff HTTP/2.0" 200 63664 "https://umuahiadiocese.org/css/elegant-font-icons.css" "Mozilla/5.0 (Linux; Android 10; K) AppleWebKit/537.36 (KHTML, like Gecko) Chrome/134.0.0.0 Mobile Safari/537.36"
79.202.14.177 - - [03/Apr/2025:10:45:45 -0700] "GET /repo/IMG_20221008_100809_859.jpg HTTP/2.0" 200 3268087 "https://umuahiadiocese.org/viewpriest?sn=251" "Mozilla/5.0 (Linux; Android 10; K) AppleWebKit/537.36 (KHTML, like Gecko) Chrome/134.0.0.0 Mobile Safari/537.36"
79.202.14.177 - - [03/Apr/2025:10:45:45 -0700] "GET /repo/IMG_20221008_110224_189.jpg HTTP/2.0" 200 3452197 "https://umuahiadiocese.org/viewpriest?sn=251" "Mozilla/5.0 (Linux; Android 10; K) AppleWebKit/537.36 (KHTML, like Gecko) Chrome/134.0.0.0 Mobile Safari/537.36"
79.202.14.177 - - [03/Apr/2025:10:45:45 -0700] "GET /repo/IMG_20221008_100804_841.jpg HTTP/2.0" 200 3691225 "https://umuahiadiocese.org/viewpriest?sn=251" "Mozilla/5.0 (Linux; Android 10; K) AppleWebKit/537.36 (KHTML, like Gecko) Chrome/134.0.0.0 Mobile Safari/537.36"
79.202.14.177 - - [03/Apr/2025:10:45:45 -0700] "GET /repo/IMG_20221008_095704_002.jpg HTTP/2.0" 200 3735317 "https://umuahiadiocese.org/viewpriest?sn=251" "Mozilla/5.0 (Linux; Android 10; K) AppleWebKit/537.36 (KHTML, like Gecko) Chrome/134.0.0.0 Mobile Safari/537.36"
79.202.14.177 - - [03/Apr/2025:10:45:45 -0700] "GET /repo/IMG_20221008_100802_364.jpg HTTP/2.0" 200 4305566 "https://umuahiadiocese.org/viewpriest?sn=251" "Mozilla/5.0 (Linux; Android 10; K) AppleWebKit/537.36 (KHTML, like Gecko) Chrome/134.0.0.0 Mobile Safari/537.36"
79.202.14.177 - - [03/Apr/2025:10:46:32 -0700] "GET /img/umu-white.jpg HTTP/2.0" 200 36992 "https://umuahiadiocese.org/viewpriest?sn=251" "Mozilla/5.0 (Linux; Android 10; K) AppleWebKit/537.36 (KHTML, like Gecko) Chrome/134.0.0.0 Mobile Safari/537.36"
66.249.65.100 - - [03/Apr/2025:10:46:53 -0700] "GET /view/0010200462.html HTTP/1.1" 200 143792 "-" "Mozilla/5.0 (Linux; Android 6.0.1; Nexus 5X Build/MMB29P) AppleWebKit/537.36 (KHTML, like Gecko) Chrome/134.0.6998.165 Mobile Safari/537.36 (compatible; Googlebot/2.1; +http://www.google.com/bot.html)"
66.249.65.100 - - [03/Apr/2025:10:46:55 -0700] "GET /interreges49-rhjvd3qtr.html HTTP/1.1" 200 127969 "-" "Mozilla/5.0 (Linux; Android 6.0.1; Nexus 5X Build/MMB29P) AppleWebKit/537.36 (KHTML, like Gecko) Chrome/134.0.6998.165 Mobile Safari/537.36 (compatible; Googlebot/2.1; +http://www.google.com/bot.html)"
66.249.65.100 - - [03/Apr/2025:10:46:56 -0700] "POST /get-message-notify HTTP/1.1" 200 123184 "https://umuahiadiocese.org/view/0010200462.html" "Mozilla/5.0 (Linux; Android 6.0.1; Nexus 5X Build/MMB29P) AppleWebKit/537.36 (KHTML, like Gecko) Chrome/134.0.6998.165 Mobile Safari/537.36 (compatible; Googlebot/2.1; +http://www.google.com/bot.html)"
66.249.65.101 - - [03/Apr/2025:10:46:58 -0700] "POST /get-message-notify HTTP/1.1" 200 123184 "https://umuahiadiocese.org/interreges49-rhjvd3qtr.html" "Mozilla/5.0 (Linux; Android 6.0.1; Nexus 5X Build/MMB29P) AppleWebKit/537.36 (KHTML, like Gecko) Chrome/134.0.6998.165 Mobile Safari/537.36 (compatible; Googlebot/2.1; +http://www.google.com/bot.html)"
66.249.65.100 - - [03/Apr/2025:10:46:59 -0700] "GET /bonchretien46-7mu1ktfrr.html HTTP/1.1" 200 117568 "-" "Mozilla/5.0 (Linux; Android 6.0.1; Nexus 5X Build/MMB29P) AppleWebKit/537.36 (KHTML, like Gecko) Chrome/134.0.6998.165 Mobile Safari/537.36 (compatible; Googlebot/2.1; +http://www.google.com/bot.html)"
66.249.74.163 - - [03/Apr/2025:10:47:00 -0700] "GET /?shopdetail/5640281 HTTP/1.1" 200 140982 "-" "Mozilla/5.0 (Linux; Android 6.0.1; Nexus 5X Build/MMB29P) AppleWebKit/537.36 (KHTML, like Gecko) Chrome/135.0.7049.52 Mobile Safari/537.36 (compatible; Googlebot/2.1; +http://www.google.com/bot.html)"
66.249.65.100 - - [03/Apr/2025:10:47:00 -0700] "GET /priories6xj-chu1ueuxs.html HTTP/1.1" 200 115905 "-" "Mozilla/5.0 (Linux; Android 6.0.1; Nexus 5X Build/MMB29P) AppleWebKit/537.36 (KHTML, like Gecko) Chrome/134.0.6998.165 Mobile Safari/537.36 (compatible; Googlebot/2.1; +http://www.google.com/bot.html)"
66.249.65.100 - - [03/Apr/2025:10:47:01 -0700] "POST /get-message-notify HTTP/1.1" 200 123184 "https://umuahiadiocese.org/corroborated4ng-7ug4jenjp.html" "Mozilla/5.0 (Linux; Android 6.0.1; Nexus 5X Build/MMB29P) AppleWebKit/537.36 (KHTML, like Gecko) Chrome/134.0.6998.165 Mobile Safari/537.36 (compatible; Googlebot/2.1; +http://www.google.com/bot.html)"
66.249.65.100 - - [03/Apr/2025:10:47:02 -0700] "GET /view/0012094965.html HTTP/1.1" 200 132548 "-" "Mozilla/5.0 (Linux; Android 6.0.1; Nexus 5X Build/MMB29P) AppleWebKit/537.36 (KHTML, like Gecko) Chrome/134.0.6998.165 Mobile Safari/537.36 (compatible; Googlebot/2.1; +http://www.google.com/bot.html)"
66.249.65.100 - - [03/Apr/2025:10:47:03 -0700] "GET /yellowgreen41-ctrrgoaps.html HTTP/1.1" 200 130249 "-" "Mozilla/5.0 (Linux; Android 6.0.1; Nexus 5X Build/MMB29P) AppleWebKit/537.36 (KHTML, like Gecko) Chrome/134.0.6998.165 Mobile Safari/537.36 (compatible; Googlebot/2.1; +http://www.google.com/bot.html)"
66.249.65.100 - - [03/Apr/2025:10:47:11 -0700] "GET /refute4n-gob2iojqs.html HTTP/1.1" 200 124464 "-" "Mozilla/5.0 (Linux; Android 6.0.1; Nexus 5X Build/MMB29P) AppleWebKit/537.36 (KHTML, like Gecko) Chrome/134.0.6998.165 Mobile Safari/537.36 (compatible; Googlebot/2.1; +http://www.google.com/bot.html)"
66.249.65.100 - - [03/Apr/2025:10:47:13 -0700] "GET /view/0012425167.html HTTP/1.1" 200 112342 "-" "Mozilla/5.0 (Linux; Android 6.0.1; Nexus 5X Build/MMB29P) AppleWebKit/537.36 (KHTML, like Gecko) Chrome/134.0.6998.165 Mobile Safari/537.36 (compatible; Googlebot/2.1; +http://www.google.com/bot.html)"
66.249.65.100 - - [03/Apr/2025:10:47:13 -0700] "POST /get-message-notify HTTP/1.1" 200 123184 "https://umuahiadiocese.org/refute4n-gob2iojqs.html" "Mozilla/5.0 (Linux; Android 6.0.1; Nexus 5X Build/MMB29P) AppleWebKit/537.36 (KHTML, like Gecko) Chrome/134.0.6998.165 Mobile Safari/537.36 (compatible; Googlebot/2.1; +http://www.google.com/bot.html)"
66.249.65.100 - - [03/Apr/2025:10:47:14 -0700] "GET /ignis54-goig85bas.html HTTP/1.1" 200 127414 "-" "Mozilla/5.0 (Linux; Android 6.0.1; Nexus 5X Build/MMB29P) AppleWebKit/537.36 (KHTML, like Gecko) Chrome/134.0.6998.165 Mobile Safari/537.36 (compatible; Googlebot/2.1; +http://www.google.com/bot.html)"
66.249.65.100 - - [03/Apr/2025:10:47:15 -0700] "POST /get-message-notify HTTP/1.1" 200 123184 "https://umuahiadiocese.org/priories6xj-chu1ueuxs.html" "Mozilla/5.0 (Linux; Android 6.0.1; Nexus 5X Build/MMB29P) AppleWebKit/537.36 (KHTML, like Gecko) Chrome/134.0.6998.165 Mobile Safari/537.36 (compatible; Googlebot/2.1; +http://www.google.com/bot.html)"
66.249.65.100 - - [03/Apr/2025:10:47:15 -0700] "POST /get-message-notify HTTP/1.1" 200 123184 "https://umuahiadiocese.org/view/0012425167.html" "Mozilla/5.0 (Linux; Android 6.0.1; Nexus 5X Build/MMB29P) AppleWebKit/537.36 (KHTML, like Gecko) Chrome/134.0.6998.165 Mobile Safari/537.36 (compatible; Googlebot/2.1; +http://www.google.com/bot.html)"
66.249.65.100 - - [03/Apr/2025:10:47:16 -0700] "POST /get-message-notify HTTP/1.1" 200 123184 "https://umuahiadiocese.org/view/0012094965.html" "Mozilla/5.0 (Linux; Android 6.0.1; Nexus 5X Build/MMB29P) AppleWebKit/537.36 (KHTML, like Gecko) Chrome/134.0.6998.165 Mobile Safari/537.36 (compatible; Googlebot/2.1; +http://www.google.com/bot.html)"
66.249.65.100 - - [03/Apr/2025:10:47:17 -0700] "POST /get-message-notify HTTP/1.1" 200 123184 "https://umuahiadiocese.org/ignis54-goig85bas.html" "Mozilla/5.0 (Linux; Android 6.0.1; Nexus 5X Build/MMB29P) AppleWebKit/537.36 (KHTML, like Gecko) Chrome/134.0.6998.165 Mobile Safari/537.36 (compatible; Googlebot/2.1; +http://www.google.com/bot.html)"
66.249.65.100 - - [03/Apr/2025:10:47:18 -0700] "GET /fricasseeing5ml-g8v1juyps.html HTTP/1.1" 200 113357 "-" "Mozilla/5.0 (Linux; Android 6.0.1; Nexus 5X Build/MMB29P) AppleWebKit/537.36 (KHTML, like Gecko) Chrome/134.0.6998.165 Mobile Safari/537.36 (compatible; Googlebot/2.1; +http://www.google.com/bot.html)"
66.249.65.100 - - [03/Apr/2025:10:47:20 -0700] "GET /reveiwing44-3n1fwe6qr.html HTTP/1.1" 200 124657 "-" "Mozilla/5.0 (Linux; Android 6.0.1; Nexus 5X Build/MMB29P) AppleWebKit/537.36 (KHTML, like Gecko) Chrome/134.0.6998.165 Mobile Safari/537.36 (compatible; Googlebot/2.1; +http://www.google.com/bot.html)"
66.249.65.101 - - [03/Apr/2025:10:47:23 -0700] "POST /get-message-notify HTTP/1.1" 200 123184 "https://umuahiadiocese.org/fricasseeing5ml-g8v1juyps.html" "Mozilla/5.0 (Linux; Android 6.0.1; Nexus 5X Build/MMB29P) AppleWebKit/537.36 (KHTML, like Gecko) Chrome/134.0.6998.165 Mobile Safari/537.36 (compatible; Googlebot/2.1; +http://www.google.com/bot.html)"
66.249.65.100 - - [03/Apr/2025:10:47:24 -0700] "POST /get-message-notify HTTP/1.1" 200 123184 "https://umuahiadiocese.org/reveiwing44-3n1fwe6qr.html" "Mozilla/5.0 (Linux; Android 6.0.1; Nexus 5X Build/MMB29P) AppleWebKit/537.36 (KHTML, like Gecko) Chrome/134.0.6998.165 Mobile Safari/537.36 (compatible; Googlebot/2.1; +http://www.google.com/bot.html)"
66.249.65.101 - - [03/Apr/2025:10:47:29 -0700] "GET /corroborated4ng-clmhlrc2r.html HTTP/1.1" 200 141916 "-" "Mozilla/5.0 (Linux; Android 6.0.1; Nexus 5X Build/MMB29P) AppleWebKit/537.36 (KHTML, like Gecko) Chrome/134.0.6998.165 Mobile Safari/537.36 (compatible; Googlebot/2.1; +http://www.google.com/bot.html)"
66.249.65.100 - - [03/Apr/2025:10:47:32 -0700] "GET /?shopdetail/9842225 HTTP/1.1" 200 116842 "-" "Mozilla/5.0 (Linux; Android 6.0.1; Nexus 5X Build/MMB29P) AppleWebKit/537.36 (KHTML, like Gecko) Chrome/135.0.7049.52 Mobile Safari/537.36 (compatible; Googlebot/2.1; +http://www.google.com/bot.html)"
66.249.65.101 - - [03/Apr/2025:10:47:47 -0700] "GET /?shopdetail/9416103 HTTP/1.1" 200 115909 "-" "Mozilla/5.0 (Linux; Android 6.0.1; Nexus 5X Build/MMB29P) AppleWebKit/537.36 (KHTML, like Gecko) Chrome/135.0.7049.52 Mobile Safari/537.36 (compatible; Googlebot/2.1; +http://www.google.com/bot.html)"
66.249.65.102 - - [03/Apr/2025:10:47:57 -0700] "GET /servian5er-7okchodjr.html HTTP/1.1" 200 122523 "-" "Mozilla/5.0 (Linux; Android 6.0.1; Nexus 5X Build/MMB29P) AppleWebKit/537.36 (KHTML, like Gecko) Chrome/134.0.6998.165 Mobile Safari/537.36 (compatible; Googlebot/2.1; +http://www.google.com/bot.html)"
66.249.65.102 - - [03/Apr/2025:10:48:03 -0700] "GET /unvitiated476-gk308pi3s.html HTTP/1.1" 200 160071 "-" "Mozilla/5.0 (Linux; Android 6.0.1; Nexus 5X Build/MMB29P) AppleWebKit/537.36 (KHTML, like Gecko) Chrome/134.0.6998.165 Mobile Safari/537.36 (compatible; Googlebot/2.1; +http://www.google.com/bot.html)"
66.249.65.101 - - [03/Apr/2025:10:48:09 -0700] "GET /unvitiated476-gonbd5lnr.html HTTP/1.1" 200 119523 "-" "Mozilla/5.0 (Linux; Android 6.0.1; Nexus 5X Build/MMB29P) AppleWebKit/537.36 (KHTML, like Gecko) Chrome/134.0.6998.165 Mobile Safari/537.36 (compatible; Googlebot/2.1; +http://www.google.com/bot.html)"
66.249.65.100 - - [03/Apr/2025:10:48:15 -0700] "GET /persis4n-fubz3gs0s.html HTTP/1.1" 200 123416 "-" "Mozilla/5.0 (Linux; Android 6.0.1; Nexus 5X Build/MMB29P) AppleWebKit/537.36 (KHTML, like Gecko) Chrome/134.0.6998.165 Mobile Safari/537.36 (compatible; Googlebot/2.1; +http://www.google.com/bot.html)"
66.249.65.100 - - [03/Apr/2025:10:48:16 -0700] "GET /view/0011534080.html HTTP/1.1" 200 112973 "-" "Mozilla/5.0 (Linux; Android 6.0.1; Nexus 5X Build/MMB29P) AppleWebKit/537.36 (KHTML, like Gecko) Chrome/134.0.6998.165 Mobile Safari/537.36 (compatible; Googlebot/2.1; +http://www.google.com/bot.html)"
66.249.65.100 - - [03/Apr/2025:10:48:16 -0700] "GET /pileatus560-f2obwimgs.html HTTP/1.1" 200 113776 "-" "Mozilla/5.0 (Linux; Android 6.0.1; Nexus 5X Build/MMB29P) AppleWebKit/537.36 (KHTML, like Gecko) Chrome/134.0.6998.165 Mobile Safari/537.36 (compatible; Googlebot/2.1; +http://www.google.com/bot.html)"
66.249.65.100 - - [03/Apr/2025:10:48:17 -0700] "GET /mobbed49-o62a9ycar.html HTTP/1.1" 200 146666 "-" "Mozilla/5.0 (Linux; Android 6.0.1; Nexus 5X Build/MMB29P) AppleWebKit/537.36 (KHTML, like Gecko) Chrome/134.0.6998.165 Mobile Safari/537.36 (compatible; Googlebot/2.1; +http://www.google.com/bot.html)"
66.249.65.100 - - [03/Apr/2025:10:48:17 -0700] "POST /get-message-notify HTTP/1.1" 200 123184 "https://umuahiadiocese.org/view/0011534080.html" "Mozilla/5.0 (Linux; Android 6.0.1; Nexus 5X Build/MMB29P) AppleWebKit/537.36 (KHTML, like Gecko) Chrome/134.0.6998.165 Mobile Safari/537.36 (compatible; Googlebot/2.1; +http://www.google.com/bot.html)"
66.249.65.100 - - [03/Apr/2025:10:48:19 -0700] "POST /get-message-notify HTTP/1.1" 200 123184 "https://umuahiadiocese.org/pileatus560-f2obwimgs.html" "Mozilla/5.0 (Linux; Android 6.0.1; Nexus 5X Build/MMB29P) AppleWebKit/537.36 (KHTML, like Gecko) Chrome/134.0.6998.165 Mobile Safari/537.36 (compatible; Googlebot/2.1; +http://www.google.com/bot.html)"
66.249.65.100 - - [03/Apr/2025:10:48:20 -0700] "POST /get-message-notify HTTP/1.1" 200 123184 "https://umuahiadiocese.org/mobbed49-o62a9ycar.html" "Mozilla/5.0 (Linux; Android 6.0.1; Nexus 5X Build/MMB29P) AppleWebKit/537.36 (KHTML, like Gecko) Chrome/134.0.6998.165 Mobile Safari/537.36 (compatible; Googlebot/2.1; +http://www.google.com/bot.html)"
66.249.65.100 - - [03/Apr/2025:10:48:22 -0700] "GET /truckmen480-ol9ow8dup.html HTTP/1.1" 200 131354 "-" "Mozilla/5.0 (Linux; Android 6.0.1; Nexus 5X Build/MMB29P) AppleWebKit/537.36 (KHTML, like Gecko) Chrome/134.0.6998.165 Mobile Safari/537.36 (compatible; Googlebot/2.1; +http://www.google.com/bot.html)"
66.249.65.101 - - [03/Apr/2025:10:48:28 -0700] "GET /warmful4ah-r7s8t7i7r.html HTTP/1.1" 200 121015 "-" "Mozilla/5.0 (Linux; Android 6.0.1; Nexus 5X Build/MMB29P) AppleWebKit/537.36 (KHTML, like Gecko) Chrome/134.0.6998.165 Mobile Safari/537.36 (compatible; Googlebot/2.1; +http://www.google.com/bot.html)"
66.249.65.100 - - [03/Apr/2025:10:48:29 -0700] "GET /view/0011995757.html HTTP/1.1" 200 165221 "-" "Mozilla/5.0 (Linux; Android 6.0.1; Nexus 5X Build/MMB29P) AppleWebKit/537.36 (KHTML, like Gecko) Chrome/134.0.6998.165 Mobile Safari/537.36 (compatible; Googlebot/2.1; +http://www.google.com/bot.html)"
66.249.65.100 - - [03/Apr/2025:10:48:34 -0700] "POST /get-message-notify HTTP/1.1" 200 123184 "https://umuahiadiocese.org/warmful4ah-r7s8t7i7r.html" "Mozilla/5.0 (Linux; Android 6.0.1; Nexus 5X Build/MMB29P) AppleWebKit/537.36 (KHTML, like Gecko) Chrome/134.0.6998.165 Mobile Safari/537.36 (compatible; Googlebot/2.1; +http://www.google.com/bot.html)"
66.249.65.101 - - [03/Apr/2025:10:48:56 -0700] "POST /get-message-notify HTTP/1.1" 200 123184 "https://umuahiadiocese.org/view/0011995757.html" "Mozilla/5.0 (Linux; Android 6.0.1; Nexus 5X Build/MMB29P) AppleWebKit/537.36 (KHTML, like Gecko) Chrome/134.0.6998.165 Mobile Safari/537.36 (compatible; Googlebot/2.1; +http://www.google.com/bot.html)"
66.249.65.100 - - [03/Apr/2025:10:48:58 -0700] "GET /?shopdetail/8834570 HTTP/1.1" 200 114563 "-" "Mozilla/5.0 (Linux; Android 6.0.1; Nexus 5X Build/MMB29P) AppleWebKit/537.36 (KHTML, like Gecko) Chrome/135.0.7049.52 Mobile Safari/537.36 (compatible; Googlebot/2.1; +http://www.google.com/bot.html)"
